 = 12069 + -8357. What is the highest common factor of 87 and w?
29
Let c be (-2 - -1)/((-3)/15). Let q = -55 - -68. Suppose q*o - c*o = 128. Calculate the highest common divisor of 2 and o.
2
Let f = 459 + -442. Suppose -44 = -n - g, 13*n - f*n + 2*g + 182 = 0. What is the greatest common divisor of n and 315?
45
Let n(v) = -37*v**3 - 6*v**2 - 3*v. Let j = 317 - 318. Let p be n(j). Calculate the highest common factor of p and 17.
17
Let v(d) = -123*d - 2910. Let x be v(-26). What is the greatest common factor of x and 1044?
36
Let n(x) = -2*x**3 + 10*x**2 + 4. Let l be n(5). Suppose -9*r + 280 = -l*r. Suppose 4*p + 36 = 92. Calculate the highest common divisor of p and r.
14
Let a be (6/(-4))/((-1053)/(-90) + -12). Let y = 1 - -2. Suppose p + 4 = -0*p, -a*u - y*p = -373. What is the highest common factor of 7 and u?
7
Let n(q) = q**2 - 7*q - 52. Let z be n(-12). Let w = z + -111. Let p(u) = u**3 - u**2 - 3*u - 4. Let j be p(3). What is the greatest common divisor of w and j?
5
Suppose -20*f - 3052 = -27355 - 6657. Calculate the highest common divisor of f and 324.
36
Suppose 15*s - 834 = 3291. Suppose -11*r + 33 + s = 0. Calculate the greatest common factor of 44 and r.
4
Suppose 5*t - u = 577, 4*t + 2*u = 664 - 208. Suppose 0 = -5*b - 2*c + 32, -26 = -2942*b + 2943*b + 4*c. What is the highest common divisor of b and t?
5
Suppose -3924 = -4*w - 4*i, -100*w = -99*w - 5*i - 975. Calculate the greatest common divisor of w and 220.
20
Let m = 41478 - 40257. What is the highest common divisor of 924 and m?
33
Let z(b) = 7*b**3 - 43*b**2 + 37*b + 4. Let c be z(1). What is the highest common factor of 5890 and c?
5
Suppose -5*x - 83 = 22. Let i = x + 23. Suppose -54 = -3*j - 2*u - u, i*j - 36 = 2*u. Calculate the greatest common divisor of j and 9.
9
Suppose -2*s - 1710 = -5*d, 5*d + 5*s = -162 + 1872. Suppose 5*f + m = -m + d, -f + 74 = -m. Calculate the highest common divisor of 30 and f.
10
Let v be 3048/32 - (-1)/8*6. Let g = v + -93. What is the greatest common divisor of 2 and g?
1
Suppose 215*x - 220298 = -243*x. Calculate the highest common divisor of 37 and x.
37
Let w = 12740 + -11150. What is the highest common factor of 42 and w?
6
Suppose -3*w + 14335 = 5*j + 5*w, w = j - 2880. What is the highest common divisor of 5 and j?
5
Let c be (-4)/(-4)*(-288 + 1). Let g be (-2)/(-4) + (c/(-2) - 0). Let b = 22 + -4. Calculate the highest common factor of b and g.
18
Let a be ((-2568)/48)/(1/(-22)). Calculate the highest common factor of a and 321.
107
Let y be (141 - (-260)/13) + 7. What is the greatest common divisor of 378 and y?
42
Let n be -3 + 13/5 - 162/(-30). Suppose 5*l = n*p - 75, -4*l = 4*p - 2*p - 24. What is the greatest common factor of 126 and p?
14
Let a(q) = q**3 - 12*q**2 - 12*q - 16. Let r be a(13). Let n be ((-7)/(-3) + 5)/((-1)/r). Calculate the highest common divisor of 374 and n.
22
Let d = -451 + 947. Suppose -82*q + d = -80*q. What is the highest common factor of 8 and q?
8
Suppose 5*o + 8 = 68. Let s be o/8*-6*1*-3. Let c(a) = -a**3 - 3*a**2 + 3*a - 8. Let p be c(-5). What is the greatest common factor of p and s?
27
Let z be -1 - (10/1 + -9136). Calculate the greatest common factor of z and 730.
365
Suppose 0 = 75*i - 76*i + u + 97, 3*i - 195 = -9*u. What is the greatest common divisor of i and 8722?
89
Let s(g) = -g**3 + 3*g**2 + g + 8. Let a be s(-4). Suppose -2*m - a = -320. What is the greatest common divisor of 34 and m?
34
Let n be -10 + 252/9 + -11 + -4 + 1. Calculate the highest common factor of n and 1868.
4
Let d(f) = -1 + 2*f - 4*f - 5 - 3. Let n be d(-22). What is the greatest common factor of n and 14?
7
Let u = 136 + -162. Let l = u + 66. Calculate the highest common factor of l and 5.
5
Let w = 55293 - 55267. Let y = 648 - 232. Suppose -i + 5*i = y. Calculate the greatest common divisor of i and w.
26
Let s be ((-2)/(-4) - (-7)/14)*80. Suppose 2*o + 115 = 235. Calculate the greatest common factor of s and o.
20
Suppose 3*w - 445835 = -11*c, -4*w - 11118 = c - 51682. What is the highest common divisor of 298 and c?
298
Let c be (-2)/5 - (-15)/(-25). Let v be (8 - (4 + 99))/c. Calculate the highest common factor of v and 10.
5
Let g(r) = -2*r - 10. Let v be g(-12). Suppose -174 = -2*i - 4*p + v, -4*i + 340 = -p. Let c = i - 74. Calculate the greatest common factor of 132 and c.
12
Let s(c) = 3*c**2 - 196*c + 820. Let r be s(4). What is the highest common factor of r and 10479?
21
Let o(f) = f**2 - 19*f + 3. Let p be o(19). Let h be (768/(-80))/(p/(-10)). What is the greatest common factor of 96 and h?
32
Let d = -13129 - -13209. What is the highest common factor of d and 344?
8
Let o = -11407 - -12487. Calculate the greatest common divisor of 160 and o.
40
Let f = 167 + -82. Let k = f - 61. What is the greatest common factor of 216 and k?
24
Let x be (80/(-6))/((-9)/27). Let w(q) = -32*q + 8. Let k be w(-6). Calculate the greatest common divisor of k and x.
40
Suppose 0 = 3*j + c - 5*c - 47, 5*c = -5*j + 55. Suppose 140 = -6*d + j*d. What is the highest common factor of d and 15?
5
Let y(g) = 22*g**2 - 444*g + 84. Let u be y(20). Calculate the highest common factor of u and 5092.
4
Suppose -10*o + 456 = -154. Let c = o - 62. Let g be (-5 - -24) + (0 - c). Calculate the highest common divisor of 240 and g.
20
Suppose 63641*g = 63615*g + 572. What is the greatest common factor of 61996 and g?
22
Let h be 14/(1*2*4*(-6)/(-48)). Calculate the highest common divisor of h and 350.
14
Let s(j) = -j**2 + 41*j - 125. Let r be s(37). Let a be (19 - r)/(-5 + 1). What is the greatest common factor of 1 and a?
1
Suppose -j + 41 = 9. Let y = -270 - -283. Let x be (13/2)/y*16. Calculate the highest common factor of x and j.
8
Suppose -72*i + 2866 = 1282. Calculate the highest common divisor of 4741 and i.
11
Suppose s = -7*l + 2*l + 389, -l = -4*s - 61. Suppose 22*j + 4*v = 810, 265*j - 5*v + 6 = 262*j. What is the highest common factor of l and j?
11
Let m(s) = 4*s**2 + 15*s + 41. Let f = -288 - -283. Let j be m(f). What is the highest common divisor of j and 99?
33
Let l = -29640 + 33516. What is the greatest common factor of 1632 and l?
204
Let x be ((1536/40)/12)/((-4)/(-150)). What is the highest common divisor of x and 216?
24
Let m be (-2)/9 - (-353)/9. Let b = -16 + 19. Suppose -3*y = 5*g - 73, 5*g + b + 28 = y. Calculate the highest common divisor of y and m.
13
Suppose 183 + 210 = 2*v - 3*t, -4*v + 793 = t. Suppose 0 = f + 5*j - 129, -25*f + 30*f - 3*j - 729 = 0. Calculate the highest common factor of f and v.
18
Suppose 1405 = 4*p + p - 795. Let s = -19 + 59. What is the highest common factor of s and p?
40
Suppose g - 1056 = 4*j, 2*g - 244 = j + 1896. Calculate the highest common factor of 16 and g.
16
Suppose -p + 5*d = -172, 0 = -6*p + 5*p + d + 156. Let v = p + -150. Suppose -4*u - b - 4*b = -24, -3*b = 0. What is the greatest common divisor of u and v?
2
Let t be 100/(-10)*18977/(-14). What is the greatest common factor of t and 5?
5
Let x(m) = m**2 - 8*m + 35. Let y be x(7). Let v = 192 + y. What is the highest common factor of v and 55?
55
Suppose 6615 - 2527 = 14*l. Suppose -4*y - 76 = -l. What is the highest common divisor of y and 24?
6
Let p(b) = -18*b. Let q be p(-1). Suppose 3*i = 3*a + q, -4*i + 5*a + 14 + 13 = 0. Let c be i - 1/(3/(-717)). What is the greatest common factor of c and 22?
22
Let p = 3021 - 2921. Calculate the greatest common divisor of p and 36.
4
Let l = 17307 - 16619. What is the highest common divisor of l and 104?
8
Let u be (-2)/13 + 372/52 + 27 + -24. What is the highest common divisor of 6590 and u?
10
Suppose 0 = -8*r + 3825 + 855. Let s = r - 510. What is the highest common factor of 135 and s?
15
Let h(i) = -i**2 - 14*i + 36. Suppose 16*n = 4*n - 180. Let t be h(n). What is the highest common factor of 147 and t?
21
Suppose 45*z - 3822 = 37*z - 90*z. What is the highest common factor of z and 1521?
39
Let t = -543 - -548. Let m = 16 - t. Suppose 0 = 2*c - c - 88. Calculate the highest common factor of m and c.
11
Suppose 0 = 150*y + 207*y + 7*y - 3276. Let c be (0 + -9)/((-6)/294). What is the greatest common factor of c and y?
9
Let u = -1169 - -1261. Let y = 10 + -6. Calculate the highest common factor of u and y.
4
Let u(f) = 87*f + 2*f**2 + 3993 - 6*f - 4051 - 5